irst derivative of 2*w**3/3 + 3*w**2/2 - 36. Calculate z(-2).
2
Let i = -2 - -3. Let u be i + 8/(4 + -2). Let x(h) = 4937*h**2 - 4941*h**2 + 5 - 6*h - h + h**3. Determine x(u).
-5
Let j(m) = -m**3 - 5*m**2 - 2*m - 6. Let u be j(-5). Suppose -4*s = -5*x + 1 + 1, -5*s = -4*x - 2. Let n(f) = 2*f**2 - 2*f - f - f**x. Calculate n(u).
4
Let m(l) = 4*l - 4. Let b be (1 - -4)*16/(-20). Let h be (-1 - -3)*2/b. Let z be 2 - (-2 - (h - 0)). Give m(z).
8
Let r = 47 + -45. Let g(d) = -d**2 + 2*d + 1. What is g(r)?
1
Let f(i) = -11*i**2 - 23*i - 9. Let o(j) = -4*j**2 - 8*j - 3. Let b(g) = -6*f(g) + 17*o(g). Let n(c) = c - 5. Let x be n(8). Give b(x).
-9
Let l(z) = -z**3 - 6*z**2 - 2*z - 9. Let q be l(-6). Suppose 0*t = 2*t - 3*n + 1, -5*n + 3 = -3*t. Let o(p) = 5*p - q*p + p + t. Calculate o(-4).
-8
Let n = 172 - 168. Let l(r) = -4*r**3 + 3*r**2 + 4*r + 2. Let a(m) = -m**3 - 1. Let k(x) = 3*a(x) - l(x). What is k(n)?
-5
Let n(s) = -6*s. Suppose 0 = 3*u + 9, -3*h + 3*u + 9 = -15. Suppose 2*f - 3 = h*f. What is n(f)?
6
Let f(r) be the second derivative of -r**4/12 + 7*r**3/6 + 2*r**2 + 2*r. Determine f(7).
4
Let g(v) be the third derivative of v**5/60 + 5*v**4/24 + v**3/3 + 2*v**2. Suppose 4*b = -2*q + 12, -2*q - 4*b + 18 = 3*q. Suppose q*p - p = -3. Give g(p).
-4
Let x(y) be the second derivative of -y**4/12 + y**3/6 + 3*y**2 + 43*y - 2. Give x(0).
6
Let y(z) be the second derivative of z**5/20 + 5*z**4/12 + z**3/2 - 3*z**2/2 - 7*z. Calculate y(-3).
6
Suppose 4*d = n + 80, -5*n = 3*d - 1 - 82. Suppose -5*k - d = -0*j + j, 2*j - 3*k = -3. Let u(m) = -m**3 - 5*m**2 + 6*m - 3. Give u(j).
-3
Let a(o) = 2*o**3 + o**2 + o + 1. Let r(u) = -u + 8. Let k be r(9). Determine a(k).
-1
Let t(f) = f**2 - 5*f - 6. Suppose x = 4*x - 45. Let k = x + -10. Determine t(k).
-6
Let c(i) be the third derivative of i**9/60480 + i**8/4032 - i**7/1008 - i**6/360 + i**5/15 - 5*i**2. Let j(h) be the third derivative of c(h). Calculate j(-6).
-8
Let q be -2*(3*-3)/(-3). Let u = 10 + q. Let b be (3 + -4)/((-2)/u). Let f(m) = m**3 - 3*m**2 + m. Determine f(b).
-2
Let t(s) = 5*s + 0*s + 0*s - 3 + s. Determine t(2).
9
Let r(g) = -2*g - 3. Suppose -4*y + 4*s + 14 - 2 = 0, -5*y + s = -7. Let b = 7 - y. Suppose -2*t = -b*t - 20. Determine r(t).
7
Let k(v) = v**2 - 4*v + 6. Let b be (-1 - -1)*(-3 + 4). Let t = b + 5. Determine k(t).
11
Let b(q) = -q - 1. Let h be b(-4). Suppose -5*x + 3*x = -h*f + 1, 4 = 4*x. Let a(y) = -7*y + 1. Calculate a(f).
-6
Let p(w) = w**2 + 17*w + 15. Let x be p(-16). Let l(v) = 17*v**2. Give l(x).
17
Let o(q) = -q**3 - 4*q**2 + 5*q - 1. Suppose -2*j - r + 5*r = -32, 2*r + 40 = 4*j. Suppose 5*k + 0*k + 4*h + 41 = 0, 4*k - 3*h + j = 0. Determine o(k).
-1
Let o(h) be the first derivative of -h**4/4 - 2*h**3 + 7*h**2/2 + 8*h - 45. Determine o(-7).
8
Let a(t) = -t**3 - t**2 + 2*t**3 - 3*t**3. Suppose 0*b + 5 = 5*b. Give a(b).
-3
Let m(k) = -k**3 + 2*k**2 + 3*k + 3. Let x be m(3). Suppose c - 9 = s, -5*s + 0 = 2*c + 3. Let n(w) = 5*w - 2*w**2 - 5*w**2 + c*w**2 + 0*w. Calculate n(x).
6
Let w(s) = -2*s**3 + 4*s**2 - 4*s + 3. Suppose 5*q - 16 = -2*n, -2*q + 3*n + n - 8 = 0. Determine w(q).
-5
Let m(z) = 5*z**2 - 3*z - 3. Let q(o) = 14*o**2 - 9*o - 9. Let s(j) = 11*m(j) - 4*q(j). Determine s(4).
-1
Let x be 6*2/3 - 3/1. Let f(v) = 11*v. Give f(x).
11
Suppose 20 = 5*h - 5. Let x = -7 + h. Let v(j) = 3*j**3 + 5*j**2 + 7*j + 7. Let d(s) = s**3 + 3*s**2 + 3*s + 3. Let t(p) = x*v(p) + 5*d(p). Give t(5).
6
Let w(d) = -d - 1. Let m(s) = -s**2 - 4*s + 1. Let o(j) = m(j) + 3*w(j). Calculate o(-6).
4
Let o(z) = -8*z + 1. Suppose -5*x - 9 = -3*u - 2, 5*u + 5*x = -15. What is o(u)?
9
Let o = -23 - -17. Let h(b) = b**2 + 8*b + 5. Give h(o).
-7
Let q(w) be the first derivative of w**3/3 - w**2 - 2*w - 1. Let t = -2 - -2. Suppose 5*f - 23 + 3 = t. Calculate q(f).
6
Let h(n) = -n - 6. Let y(k) = k + 6. Let v(j) = -5*h(j) - 4*y(j). What is v(-8)?
-2
Let m(i) = -1 + 1 + 0 + i. Suppose s + 4*s = 15. Suppose -3 = s*h + 3. Determine m(h).
-2
Let x(l) = -2*l + 4*l + 4 - 1. Suppose 0 = 4*n + 3 + 9. Determine x(n).
-3
Let g = -6 - -21. Suppose 2*h = -3*h + g. Let j(m) be the second derivative of -m**3/6 - m**2 + 2*m. Determine j(h).
-5
Let f(c) be the third derivative of -c**9/60480 - c**8/10080 - c**7/1680 - c**6/240 - c**5/60 - 4*c**2. Let w(u) be the third derivative of f(u). What is w(-2)?
3
Let h(k) = -k. Suppose -4*n = 5*d - 9*n - 30, -2*d = -5*n - 21. Calculate h(d).
-3
Let f(z) = -z**2 - 2*z + 5. Suppose 4*n + 45 = -5*n. Determine f(n).
-10
Let x(a) = 2*a - 1. Let o = 60 + -66. Determine x(o).
-13
Let j(g) = -g**2 - 3*g - 2. Let p(s) = -2*s**2 - 7*s - 4. Let n(d) = 7*j(d) - 3*p(d). Give n(-2).
-6
Let f(p) = 1 + p**3 - 3 + 3*p + 3*p**2 + 2 - 1. Calculate f(-3).
-10
Let n(v) = v**2 - 3*v. Let z(g) = -g**3 - 5*g**2 + 6*g + 3. Let x be z(-6). Let o be n(x). Let j(a) = -a + 11. What is j(o)?
11
Suppose -4*m + 8*m - 16 = 0. Let a(t) = t**3 - 5*t**2 + 4*t - 1. Give a(m).
-1
Let p(l) = 2*l + 4. Suppose -3*d + 0*d - 6 = 0. Suppose -s = -2*s - 3. Let j = d + s. Determine p(j).
-6
Let x(c) = -6*c + 3. Let k(q) = -11*q + 7. Let u(t) = 2*k(t) - 5*x(t). Give u(-1).
-9
Let b(c) be the third derivative of 1/60*c**5 + 0 + 0*c**4 + 1/6*c**3 + 0*c - 5*c**2. Let i = -1 + 1. Determine b(i).
1
Let g(k) = 7*k + 5. Let h(y) = 3*y + 2. Let l(b) = 2*g(b) - 5*h(b). Suppose -7*o + 6 = -4*o. Give l(o).
-2
Let n(l) = 15 + 6 - 38 - l. Give n(-12).
-5
Let f = -15 - -13. Let t(a) = -2*a. What is t(f)?
4
Let j = 7 + -5. Suppose j*x = 5*i + 25, -4*x + 3*x + 14 = -3*i. Let l = i + 3. Let v(w) = w - 1. What is v(l)?
-1
Let t(g) = -2*g**2 + g - 3. Suppose 19*o + 3 = 20*o. Calculate t(o).
-18
Let g be (1/2)/(2/(-4)). Let f(k) = -k - 1. Let j(i) = 2*i - 4. Let q(p) = g*j(p) - 3*f(p). What is q(-4)?
3
Let r(w) be the third derivative of w**4/24 + w**2. Let b = -212 + 209. Give r(b).
-3
Let b(y) be the second derivative of y**3/3 - y**2/2 - 121*y. Suppose u + 1 + 1 = 0. Let r = 3 - u. Give b(r).
9
Let k(n) = n + 4. Let l be -1*5*4/10. Let c be (28 - -2) + (l - -1). Suppose q + c = -5*b + 1, -5*q + 10 = -5*b. What is k(q)?
1
Let h(f) = -f**2 + 10*f - 7. Let w be h(9). Let y(v) = w*v - v - 3*v**2 + 0*v**2 - 1 + v**3 - 2*v. Let z(m) = -2*m - 9. Let o be z(-6). Determine y(o).
-4
Let t(d) be the first derivative of -d**5/20 + d**4/12 + d**3/6 - d**2/2 + 3*d + 1. Let w(n) be the first derivative of t(n). Calculate w(2).
-3
Let i(v) = 1 + 7*v - 6*v - 2*v - 2. What is i(6)?
-7
Let n(m) = m**2 - m - 1. Let u = 0 - -1. Suppose 16*k = 14*k + 6. Let j = k + u. Give n(j).
11
Let m(o) = o**3 + 3*o**2 - 2*o + 4. Let w(c) = c. Let b be w(4). Suppose -b = h - 0. Give m(h).
-4
Let v(r) = -5*r + 4. Let j(f) be the second derivative of f**3/6 - f**2/2 + 2*f. Let b(c) = -9*j(c) - 2*v(c). Determine b(-8).
-7
Let j(u) be the third derivative of -u**4/24 - 13*u**3/6 - u**2. Calculate j(-6).
-7
Let b(i) be the third derivative of 0 + 1/6*i**3 - 3*i**2 + 0*i + 5/24*i**4 + 1/60*i**5. What is b(-6)?
7
Let m = 65 - 37. Suppose 0*y = 4*y - 16. Suppose 0 = 2*p - 4*f - m, -3*p - 2*p = -y*f - 46. Let s(j) = -j + 9. Give s(p).
3
Suppose 3*d = -0*d - 6. Let f be d - (1 + 10/(-2)). Let k(t) = 0*t - 1 - f*t - 2. What is k(-3)?
3
Let r(q) = q**2 - 9*q - 3. Let u(x) = 5*x**2 - 46*x - 15. Let o(l) = 11*r(l) - 2*u(l). Determine o(9).
15
Let k(d) = 21 - d**2 - 2 + 0*d**2. Give k(0).
19
Suppose -y = -a - 5, y + 3*y - 3*a - 20 = 0. Let h(f) = 9*f**2 + 11 - 12*f**2 + 0 - 3*f. Let n(s) = 4*s**2 + 2*s - 12. Let d(g) = 5*h(g) + 4*n(g). Give d(y).
-3
Let l(x) = -3*x**2 - 2*x**3 + 5 + 0*x**2 + 9*x**2 + x**3 + 7*x. Give l(7).
5
Let i(u) = -2*u**2 - u - 1. Let r(b) be the third derivative of b**6/120 - b**5/15 - b**4/4 + b**3/2 + b**2. Let o = 18 - 13. Let f be r(o). Give i(f).
-7
Let h(p) = -31 + 11 + 18 - p**2 + 5*p. Let w = 7 - 4. What is h(w)?
4
Let z(y) be the third derivative of y**4/24 - 3*y**2. Suppose 3*r - 2*r - 1 = 0, 3*s = r + 11. Suppose -4*q = 8 + s. Give z(q).
-3
Let z(p) be the third derivative of p**7/1680 + p**6/144 + p**5/15 + 5*p**2. Let t(n) be the third derivative of z(n). Calculate t(-4).
-7
Let j(m) = -m**3 + 2*m**2 + 2*m. Let f be 2/(-9) - 536/18. Let u be 1/2 - f/12. Calculate j(u).
-3
Let y = 23 + -18. Let q(g) = -g**3 + 5*g**2 - 2*g + 4. What is q(y)?
